111111
In base 13, what is c39c + -12c?
c270
In base 11, what is 3804aa64 + 2?
3804aa66
In base 10, what is -9097 - 651?
-9748
In base 11, what is -353348480 - -3?
-353348478
In base 3, what is -2120122220 + -1000?
-2120200220
In base 5, what is -342123 + 4220?
-332403
In base 2, what is -110111010 - 100001101111011001?
-100001110110010011
In base 11, what is -33 - -894472?
89443a
In base 8, what is 1024411204 + 2?
1024411206
In base 16, what is b + 505f7?
50602
In base 2, what is 111110011101111100100110101 - 11?
111110011101111100100110010
In base 16, what is -9e7e658 - -4?
-9e7e654
In base 3, what is 2010022111202 - -1?
2010022111210
In base 14, what is -9045 + 127b?
-7ba8
In base 2, what is -10111 - -1001100110101011?
1001100110010100
In base 13, what is -c + -87bcb86?
-87bcb95
In base 8, what is 5 - -656312?
656317
In base 11, what is -111632 + -142?
-111774
In base 10, what is -7596 - -807?
-6789
In base 13, what is 3372 + 14339?
176ab
In base 14, what is -8 + -81d7aa?
-81d7b4
In base 11, what is 47 + 8280?
8317
In base 4, what is 2312033 + -312030?
2000003
In base 9, what is -7474348 - -2?
-7474346
In base 14, what is -400 - -144?
-29a
In base 5, what is -10031 + -21233424?
-21244010
In base 6, what is -23204344405 + 3?
-23204344402
In base 9, what is 503 + 245185?
245688
In base 8, what is 2311 + 533626?
536137
In base 11, what is -71432 + -12?
-71444
In base 9, what is 35640672 + 2?
35640674
In base 10, what is 7471006 + -29?
7470977
In base 12, what is 1965 - -3668?
5411
In base 5, what is 3343220 + 42?
3343312
In base 12, what is 7 + 988293?
98829a
In base 4, what is -121 - 2321213332?
-2321220113
In base 12, what is 99 + 171460?
171539
In base 8, what is 3 - -106755023?
106755026
In base 8, what is -13554737 + 30?
-13554707
In base 4, what is -101013101212 - -2?
-101013101210
In base 9, what is 138581 + -32?
138548
In base 16, what is 3 + 1d1804?
1d1807
In base 3, what is -1220212 + -1121122120?
-1200120102
In base 7, what is -116640260 + 10?
-116640250
In base 16, what is -3fc7f6 - -2?
-3fc7f4
In base 10, what is -586017 + 268?
-585749
In base 16, what is df074 + 1?
df075
In base 5, what is -110014122 - 42?
-110014214
In base 7, what is -35151036 + 23?
-35151013
In base 9, what is 2 + -26420256?
-26420254
In base 16, what is c53 - -2ad8?
372b
In base 5, what is -3041201130 - 11?
-3041201141
In base 14, what is 1a59 + dd9?
2a54
In base 8, what is 154631 - -1056?
155707
In base 11, what is -5 - 210894?
-210899
In base 15, what is -3 - 123544d?
-1235451
In base 15, what is 2 + 1ae936?
1ae938
In base 4, what is 10203012 + -2231013?
1311333
In base 13, what is 1 + 28c514?
28c515
In base 12, what is -25 + -1234b5?
-12351a
In base 16, what is -4 - -48604?
48600
In base 13, what is -c + -80cc8?
-81007
In base 7, what is 33656212 - 40?
33656142
In base 3, what is -220011210021212100 - -10?
-220011210021212020
In base 6, what is -34145 - -23523?
-10222
In base 8, what is -23 - -64165?
64142
In base 13, what is 397 + -73?
324
In base 7, what is 2033353 + -15?
2033335
In base 11, what is 0 - -418110?
418110
In base 6, what is -2234 - 2014132?
-2020410
In base 12, what is 657 + 9939?
a394
In base 13, what is 134c74 - 93?
134bb1
In base 3, what is 212200 - -1002102110?
1010022010
In base 9, what is -1388 + 3566?
2167
In base 6, what is 3 + -303355430?
-303355423
In base 9, what is 5 - -443037733?
443037738
In base 3, what is -12011212 + 1020001?
-10221211
In base 5, what is 334 + 2012224?
2013113
In base 8, what is -472 + -312535?
-313227
In base 15, what is -1c62699 - 6?
-1c626a0
In base 14, what is 22 + -1114a4?
-111482
In base 15, what is -35b6 + be32?
886b
In base 5, what is 3410410410 + 20?
3410410430
In base 5, what is 13324 - 341240?
-322411
In base 10, what is -1646374 - 41?
-1646415
In base 10, what is 182213 + -816?
181397
In base 6, what is 331 + 31445521?
31450252
In base 9, what is 2 - -1757682?
1757684
In base 10, what is -2 + 4581816?
4581814
In base 7, what is 500643 + 1265?
502241
In base 4, what is -10022 - -1002301310?
1002231222
In base 3, what is -221021102120 + 212020?
-221020120100
In base 4, what is 13 - 3112021303133?
-3112021303120
In base 11, what is -181 - -100a3?
aa22
In base 9, what is -12460802 - 68?
-12460871
In base 12, what is 1ba - -4216?
4414
In base 7, what is 15602101 - 31?
15602040
In base 2, what is 1001100110 + -1000011011000111?
-1000010001100001
In base 3, what is -1012 - -112212011021?
112212010002
In base 16, what is 3da3c + -80?
3d9bc
In base 10, what is 161 - 915661?
-915500
In base 6, what is -5 - 103154345101?
-103154345110
In base 7, what is 3314311654 + -3?
3314311651
In base 10, what is 0 - 4359511?
-4359511
In base 11, what is -116 - -85413?
852a8
In base 10, what is 41030 + -8062?
32968
In base 14, what is -21465b - -2d?
-21462c
In base 9, what is -73 + -8887?
-10071
In base 5, what is 313 + -133322334?
-133322021
In base 10, what is 2979 - -22038?
25017
In base 11, what is -2 - -49831164?
49831162
In base 11, what is 4890685 + -3?
4890682
In base 11, what is -351667451 + -3?
-351667454
In base 8, what is -54376 + -1673?
-56271
In base 8, what is 4227 + 1700?
6127
In base 8, what is -10112740 - -21?
-10112717
In base 5, what is 10 + -21202242441?
-21202242431
In base 6, what is -55424 - 4354?
-104222
In base 2, what is -10100 - -1000101001110001011?
1000101001101110111
In base 6, what is 1425401 - -513?
1430314
In base 10, what is -27522 - -336?
-27186
In base 9, what is 2440675 + 102?
2440777
In base 16, what is 1dc3e + -93?
1dbab
In base 6, what is -20403500 + -1?
-20403501
In base 13, what is 1164 + -4898?
-3734
In base 11, what is -4 + 17849433?
1784942a
In base 11, what is -a3919 - 12?
-a3930
In base 3, what is -221 - -200112120002220?
200112120001222
In base 4, what is 1010011321 + 13301?
1010031222
In base 2, what is 1000100000011011111100000011 - 11?
1000100000011011111100000000
In base 10, what is 35 + -738356?
-738321
In base 4, what is 2 - 201213311332?
-201213311330
In base 6, what is 5 - -3101045510?
3101045515
In base 13, what is -135 + 6a75?
6940
In base 15, what is -65 + a16ca?
a1665
In base 7, what is 50141 - -130141?
210312
In base 12, what is -8466a7b - 1?
-8466a80
In base 7, what is -15642 + -150411?
-166353
In base 10, what is 2355 - 71722?
-69367
In base 13, what is 11691b8 - -2?
11691ba
In base 6, what is 5441 + -4320242?
-4310401
In base 8, what is -277 + -462200?
-462477
In base 10, what is -17746833 - 4?
-17746837
In base 9, what is 112873322 - -8?
112873331
In base 2, what is 100 + -10101001011110010010111110?
-10101001011110010010111010
In base 16, what is -43585b94 + 0?
-43585b94
In base 16, what is 35e5 + 1ad5?
50ba
In base 13, what is -b2 - 18a43?
-18b25
In base 7, what is 61 + 5224643?
5225034
In base 9, what is -2147 + 144806?
142648
In base 7, what is -1 + -1264246530?
-1264246531
In base 6, what is 2002 + -110034?
-104032
In base 2, what is -11111110 - -1010011001010001001?
1010011000110001011
In base 14, what is 19 - -250c5?
25100
In base 10, what is -56 - 328752?
-328808
In base 10, what is 4515605 - 2?
4515603
In base 6, what is 1144251535 + -3?
1144251532
In base 3, what is -2120221020020112 - -1100?
-2120221020012012
In base 10, what is 96218657 + 1?
96218658
In base 13, what is 2818c - -58?
28217
In base 12, what is 1 + -19151a3a?
-19151a39
In base 16, what is -f4c57 - -f?
-f4c48
In base 12, what is -72 + 8238?
8186
In base 13, what is 7558 + -c41?
6617
In base 5, what is 132404013 - 1103?
132402410
In base 9, what is -65 - 61875?
-62051
In base 10, what is 28882 + 16849?
45731
In base 10, what is -8658207 - 8?
-8658215
In base 3, what is 11 - 21020122021120112?
-21020122021120101
In base 15, what is 64cc + 63?
6540
In base 14, what is 5 - 7d781d?
-7d7818
In base 6, what is -11 + -4424541?
-4424552
In base 5, what is 2131 - -3433021?
3440202
In base 15, what is a0a2 + 41d?
a4c0
In base 8, what is -4 - 75261151?
-75261155
In base 6, what is 115302322 + -55?
115302223
In base 5, what is 323 - 410012220?
-410011342
In base 9, what is 31427 + -4086?
26331
In base 5, what is -111 + 3033423431?
3033423320
In base 13, what is 63 - -492323?
492386
In base 6, what is -2 + -25543341054?
-25543341100
In base 3, what is -202121121 - -12002201?
-120111220
In 